uppose -4*h = i - 163, 0 = -5*h - 2*i + 101 + 99. What is the remainder when 796 is divided by h?
40
Suppose 10*x = 152 - 122. Suppose -d = -0*g - g + 2, 6 = 3*g. Suppose 5*u + 4*b + 1 = 0, d + 20 = -5*b. What is the remainder when x is divided by u?
0
Suppose -3*t = -0*t - 12. Let w(d) = -d + 3*d**2 - 17*d**3 + 4*d - 4*d - t*d**2. Calculate the remainder when w(-1) is divided by 6.
5
Let o = 135 + -6. Suppose -y + o = -0*y. What is the remainder when y is divided by 33?
30
What is the remainder when 154 is divided by (93/6*2)/(0 + 1)?
30
Suppose 5*o = -2*t - 0*t - 371, 2*o = 3*t - 137. Let m = o - -111. Calculate the remainder when m is divided by 10.
8
Suppose 0 = 5*h - 208 - 297. Suppose 9*c = 7*c + 180. Calculate the remainder when h is divided by (306/c)/(2/20).
33
Suppose 4*b + 238 = 3*r + 3*b, -5*b = -3*r + 242. What is the remainder when 154 is divided by r?
75
Let y = -15 + 22. Let s(r) = -2*r**3 + 2*r**2 - 2*r - 3. What is the remainder when s(-2) is divided by y?
4
Suppose -2*a = -u + 435, -a = -2*a - 1. What is the remainder when u is divided by 23?
19
Let s = -34 + 97. Suppose 6*z - 27 = s. What is the remainder when 44 is divided by z?
14
Suppose 3*k - 4*k + 13 = 0. Calculate the remainder when (-21)/(-6*(-2)/(-12)) is divided by k.
8
Suppose 4*a = -n + 7 + 8, 9 = -a + 4*n. Suppose 0*i - 3*w - 84 = -a*i, 0 = 3*w + 12. What is the remainder when 74 is divided by i?
2
Suppose -64*x = -63*x - 55. Let i be 3/(-12) + (-26)/(-8). Suppose 2*f - x = 3*v, -v = 2*v + i. What is the remainder when f is divided by 10?
6
Let z(k) = -k**2 - 54*k - 624. Let s = -141 - -89. Calculate the remainder when s/(-6) + (-4)/6 is divided by z(-37).
3
Let t = 860 + -620. What is the remainder when t is divided by 32?
16
Let k(r) = 13*r - 101. What is the remainder when 254 is divided by k(9)?
14
Let s(a) = -a**3 + 5*a**2 + 13*a + 3. Let l be s(7). What is the remainder when 94 is divided by 1 + (-76)/l + 2 + 2?
22
Suppose 2*u = 6*u - 12. Suppose -3*o + 206 = 5*c - c, -2*c + 94 = -u*o. Calculate the remainder when c is divided by 27.
23
Let y(c) = -c**3 + 7*c**2 + 8*c - 14. Let i be y(8). Calculate the remainder when (2 + i + -3)/(-1) is divided by 9.
6
Let m be 22*(-3)/12*-4. Let y be 2*(m/4 - 2). Suppose -y*z = -6*z - 13. Calculate the remainder when 23 is divided by z.
10
Suppose 4*o + 3*s - 85 = 0, -s = 3*o - 3 - 67. Calculate the remainder when 124 is divided by o.
24
Suppose -b - 6 = 2*t, -2*b - 10 + 3 = 3*t. Let a(w) = -3*w + 2. Calculate the remainder when a(-2) is divided by b.
0
Suppose -2*h = -0 - 8. Let q = -54 - -154. Suppose -q*w = -104*w + 8. What is the remainder when h is divided by w?
0
Let z = 78 - 47. Suppose -i + 2*i = 3. Calculate the remainder when z is divided by (i - 0)/((-3)/(-17)).
14
Suppose 4*w + 2 - 34 = 0. Let u(d) = d**3 - 26*d**2 - d + 57. What is the remainder when u(26) is divided by w?
7
Suppose 33 = 6*q - 3*q. Let h = 102 - 50. What is the remainder when h is divided by q?
8
Suppose -34 = -5*a - 7*t + 3*t, 8 = -2*t. Let o be 4 + (4 - 9 - 1). What is the remainder when 71 is divided by a/(-20) + (-49)/o?
23
Let r be (5022/(-108))/(-1*1/2). Suppose h = 2 + r. Calculate the remainder when h is divided by 14.
11
Suppose 0*g + 15*g = 12075. Suppose -3*j - g = -8*j. Calculate the remainder when j is divided by 27.
26
Suppose -4 = 2*h, -2*b - 9*h + 66 = -5*h. What is the remainder when 177 is divided by b?
29
Suppose 94 = 5*d + 19. Let k = 24 - d. What is the remainder when 44 is divided by k?
8
What is the remainder when 2/(-4) - (-15)/(-30) - -37 is divided by 11?
3
Suppose -u - 2*u + 3*x = 81, -3*u = x + 81. What is the remainder when 64 is divided by (u/(-45))/((-3)/(-165))?
31
Suppose k = -3*m - 4, -3*k + 4 = 6*m - 5*m. Suppose 6 = -x + k*x. Calculate the remainder when 16 is divided by (0 + x)/(4/2).
1
Let j(z) = -z**3 - 2*z**2 + 3*z + 1. Let y be j(-3). What is the remainder when 7 is divided by 7 - (y - -2 - 1)?
2
Suppose -4*x = 124 - 452. Calculate the remainder when 110 is divided by x.
28
Let i = -497 - -520. What is the remainder when 79 is divided by i?
10
Suppose 5*f = -3*x - 79, -4*f + 4*x - 55 = 21. What is the remainder when (-16 - f) + 67 + -1 is divided by 34?
33
Let a(k) be the second derivative of -k**4/6 - 10*k**3/3 - 3*k**2 - 31*k. What is the remainder when 102 is divided by a(-8)?
24
Let a be 4/6 - 414/(-27). Suppose -3*w - 2*w = -20. Calculate the remainder when -4 + a + (-6)/(-2) is divided by w.
3
Let z(c) = c**2 + 7 + 11 - 6 + 8*c. Let j(f) = 3*f. Calculate the remainder when z(-10) is divided by j(4).
8
Suppose -2*l = 50*k - 51*k - 153, 0 = -l + 4*k + 73. Let z(x) = x**2 - 3*x - 1. Calculate the remainder when l is divided by z(7).
23
Let c(m) be the third derivative of 7*m**4/24 - 4*m**3 - m**2. Calculate the remainder when c(19) is divided by 16.
13
Let t = -303 + 430. Let v = 151 - t. What is the remainder when v is divided by 9?
6
Let w = -354 - -378. Calculate the remainder when 119 is divided by w.
23
Suppose -3*b + 2*f = -6*b + 208, 4*b = 2*f + 296. Let a = b + -50. What is the remainder when 65 is divided by a?
21
Let x = 11 + 10. What is the remainder when x is divided by (-114)/(-10) + (-2)/5?
10
Let l be 132/4 + 7 + 2 + -5. Suppose -2*q - 12 = -5*q. Suppose 3*c - q*c + l = 0. Calculate the remainder when c is divided by 13.
11
Suppose -3*g = 5*t + 3, -4*t + 3 + 1 = 4*g. What is the remainder when 218 is divided by 1 + (-324)/(-9 - t)?
53
Let x(t) = -12*t + 3. Let a be ((-9)/(-6))/(2/(-4) + 0). Let d(h) = 2*h - 16. Calculate the remainder when x(a) is divided by d(13).
9
Suppose 2*v + 215 = 5*z, -3*z - 2*z + v = -210. Calculate the remainder when z is divided by 21.
20
Suppose 134*z = 132*z + 16. Suppose 3*u = z*u - 55. What is the remainder when 20 is divided by u?
9
Suppose 0 = -47*m - 38*m + 47345. What is the remainder when m is divided by 31?
30
Suppose -3*q = -4*q + 4. Suppose -12 = h - s, -q*s = 4*h + h + 24. What is the remainder when 44 is divided by 2/(-1 + (-9)/h)?
12
Let f(t) = t**2 - 3*t + 13. What is the remainder when 103 is divided by f(4)?
1
Let b(d) = 5*d - 67. Let t = 4 - -20. What is the remainder when b(27) is divided by t?
20
Let l(g) = -g**3 - 3*g**2 - 3*g + 3. Let j(a) = -2*a - 3*a**3 + 14 - 21 + 6*a**3 - a**2. Calculate the remainder when j(3) is divided by l(-4).
28
What is the remainder when (-6 + 13)*-1 - -204 is divided by 20?
17
Calculate the remainder when (-2)/(-6) - 106/(-6) is divided by 22/(-198) + 55/9.
0
Suppose -254 = l - 300. What is the remainder when l is divided by (24/(-5))/(6/(-20))?
14
Let n(p) = -p**3 + 5*p**2 - 2*p + 13. Let u be n(5). Suppose -2*s - 3*i + 4 = -5, 2*i - 26 = -u*s. Calculate the remainder when 21 is divided by s.
9
Suppose -w + 2*w - 3 = 0. Let p be (-1)/2*(-9 + w). Suppose p*i - 30 = 3. Calculate the remainder when 75 is divided by i.
9
What is the remainder when 3 - (0/1 - (620 + -30)) is divided by 85?
83
Let x = 66 + 29. What is the remainder when 198 is divided by x?
8
Suppose -6 = c + 4*j, 5*j - 4*j + 4 = c. Suppose -2*v + 7 = 3*p - v, c*p + 3*v = 0. What is the remainder when 8 is divided by p?
2
Let i be 2*(-2)/8*72. Let z = i - -41. Calculate the remainder when z is divided by 4.
1
Suppose -4 = p + 120. Let r = -58 - p. What is the remainder when r is divided by 8/(-4)*23/(-2)?
20
Let k be -1 + (186/4 - 5/(-10)). Let f = k + -6. Calculate the remainder when 155 is divided by f.
35
Let z = -31 - -46. Let l be (z/(-6))/(1/(-14)). Let j = l + -20. What is the remainder when j is divided by 8?
7
Let i = 154 + -110. What is the remainder when i is divided by 14?
2
Let j(d) = -3*d**3 + 6*d**2 - d**3 - 14*d - 21*d**2 + 13 + 3*d**3. What is the remainder when 49 is divided by j(-14)?
10
Let r(d) = -d**3 - d**2 + 7*d + 6. Suppose 47*z - 19323 - 612 + 54 = 0. What is the remainder when z is divided by r(-5)?
68
Let z(v) = 6*v**2 - 2*v + 23. Calculate the remainder when z(-7) is divided by 84.
79
Let u(r) = r + 14. What is the remainder when 72 is divided by u(-3)?
6
Let m(f) = -8*f**2 + 7*f + 16. Let h(l) = 7*l**2 - 6*l - 15. Let r(t) = 7*h(t) + 6*m(t). Calculate the remainder when 11 is divided by r(-4).
4
Suppose -9*v = -23 - 49. Suppose -v*k + 19*k = 110. Let f = -2 - -40. Calculate the remainder when f is divided by k